{"id":336,"date":"2026-03-14T05:15:14","date_gmt":"2026-03-14T05:15:14","guid":{"rendered":"https:\/\/web.develop.begut.co\/?page_id=336"},"modified":"2026-03-26T18:02:35","modified_gmt":"2026-03-26T18:02:35","slug":"blog","status":"publish","type":"page","link":"https:\/\/begut.co\/index.php\/blog\/","title":{"rendered":"Blog"},"content":{"rendered":"\n<h2 class=\"wp-block-heading\">Dispositivos m\u00e9dicos port\u00e1tiles: monitoreo continuo desde cualquier lugar<\/h2>\n\n\n\n<figure class=\"wp-block-image size-large\"><img loading=\"lazy\" decoding=\"async\" width=\"1024\" height=\"682\" src=\"https:\/\/web.develop.begut.co\/wp-content\/uploads\/2026\/03\/2149941468-1024x682.jpg\" alt=\"\" class=\"wp-image-484\" srcset=\"https:\/\/begut.co\/wp-content\/uploads\/2026\/03\/2149941468-1024x682.jpg 1024w, https:\/\/begut.co\/wp-content\/uploads\/2026\/03\/2149941468-300x200.jpg 300w, https:\/\/begut.co\/wp-content\/uploads\/2026\/03\/2149941468-768x511.jpg 768w, https:\/\/begut.co\/wp-content\/uploads\/2026\/03\/2149941468-360x240.jpg 360w, https:\/\/begut.co\/wp-content\/uploads\/2026\/03\/2149941468-600x400.jpg 600w, https:\/\/begut.co\/wp-content\/uploads\/2026\/03\/2149941468.jpg 1500w\" sizes=\"auto, (max-width: 1024px) 100vw, 1024px\" \/><\/figure>\n\n\n\n<p>Los dispositivos m\u00e9dicos port\u00e1tiles, tambi\u00e9n conocidos como wearables, est\u00e1n revolucionando el seguimiento de la salud. Estos equipos permiten monitorear variables como la frecuencia card\u00edaca, niveles de ox\u00edgeno y actividad f\u00edsica de manera continua y en tiempo real.<\/p>\n\n\n\n<p>Gracias a esta tecnolog\u00eda, es posible realizar seguimiento remoto de pacientes, reduciendo la necesidad de visitas presenciales y facilitando la atenci\u00f3n domiciliaria.<\/p>\n\n\n\n<p>Este avance no solo mejora la calidad de vida de los pacientes, sino que tambi\u00e9n optimiza los procesos del sistema de salud, promoviendo modelos de atenci\u00f3n m\u00e1s eficientes y preventivos.<\/p>\n\n\n\n<p><\/p>\n","protected":false},"excerpt":{"rendered":"<p>Dispositivos m\u00e9dicos port\u00e1tiles: monitoreo continuo desde cualquier lugar Los dispositivos m\u00e9dicos port\u00e1tiles, tambi\u00e9n conocidos como wearables, est\u00e1n revolucionando el seguimiento de la salud. Estos equipos permiten monitorear variables como la frecuencia card\u00edaca, niveles de ox\u00edgeno y actividad f\u00edsica de manera continua y en tiempo real. Gracias a esta tecnolog\u00eda, es [&hellip;]<\/p>\n","protected":false},"author":1,"featured_media":0,"parent":0,"menu_order":0,"comment_status":"closed","ping_status":"closed","template":"","meta":{"_themeisle_gutenberg_block_has_review":false,"footnotes":""},"class_list":["post-336","page","type-page","status-publish","hentry"],"jetpack_sharing_enabled":true,"_links":{"self":[{"href":"https:\/\/begut.co\/index.php\/wp-json\/wp\/v2\/pages\/336","targetHints":{"allow":["GET"]}}],"collection":[{"href":"https:\/\/begut.co\/index.php\/wp-json\/wp\/v2\/pages"}],"about":[{"href":"https:\/\/begut.co\/index.php\/wp-json\/wp\/v2\/types\/page"}],"author":[{"embeddable":true,"href":"https:\/\/begut.co\/index.php\/wp-json\/wp\/v2\/users\/1"}],"replies":[{"embeddable":true,"href":"https:\/\/begut.co\/index.php\/wp-json\/wp\/v2\/comments?post=336"}],"version-history":[{"count":3,"href":"https:\/\/begut.co\/index.php\/wp-json\/wp\/v2\/pages\/336\/revisions"}],"predecessor-version":[{"id":645,"href":"https:\/\/begut.co\/index.php\/wp-json\/wp\/v2\/pages\/336\/revisions\/645"}],"wp:attachment":[{"href":"https:\/\/begut.co\/index.php\/wp-json\/wp\/v2\/media?parent=336"}],"curies":[{"name":"wp","href":"https:\/\/api.w.org\/{rel}","templated":true}]}}