{"id":437,"date":"2026-03-19T22:25:58","date_gmt":"2026-03-19T22:25:58","guid":{"rendered":"https:\/\/web.develop.begut.co\/index.php\/inicio\/"},"modified":"2026-04-14T02:55:34","modified_gmt":"2026-04-14T02:55:34","slug":"inicio","status":"publish","type":"page","link":"https:\/\/begut.co\/","title":{"rendered":"Inicio"},"content":{"rendered":"\n<div class=\"wp-block-cover alignfull is-light hestia-clear-top-padding\"><span aria-hidden=\"true\" class=\"wp-block-cover__background has-white-background-color has-background-dim-100 has-background-dim\"><\/span><div class=\"wp-block-cover__inner-container is-layout-flow wp-block-cover-is-layout-flow\">\n<h2 class=\"wp-block-heading has-text-align-center has-text-color\" style=\"color:#3c4858\">Nos distinguimos  por ser lideres en:<\/h2>\n\n\n\n<div style=\"height:40px\" aria-hidden=\"true\" class=\"wp-block-spacer\"><\/div>\n\n\n\n<div class=\"wp-block-columns container is-layout-flex wp-container-core-columns-is-layout-28f84493 wp-block-columns-is-layout-flex\">\n<div class=\"wp-block-column is-layout-flow wp-block-column-is-layout-flow\"><div class=\"wp-block-image is-style-rounded\">\n<figure class=\"aligncenter size-full has-custom-border\" style=\"margin-top:0;margin-right:0;margin-bottom:0;margin-left:0\"><img loading=\"lazy\" decoding=\"async\" width=\"480\" height=\"270\" src=\"https:\/\/web.develop.begut.co\/wp-content\/uploads\/2026\/04\/Captura-desde-2026-04-04-20-29-27.png\" alt=\"\" class=\"wp-image-765\" style=\"border-style:none;border-width:0px;border-top-left-radius:10px;border-top-right-radius:10px;border-bottom-left-radius:10px;border-bottom-right-radius:10px\" srcset=\"https:\/\/begut.co\/wp-content\/uploads\/2026\/04\/Captura-desde-2026-04-04-20-29-27.png 480w, https:\/\/begut.co\/wp-content\/uploads\/2026\/04\/Captura-desde-2026-04-04-20-29-27-300x169.png 300w\" sizes=\"auto, (max-width: 480px) 100vw, 480px\" \/><\/figure>\n<\/div>\n\n\n<h5 class=\"wp-block-heading has-text-align-center has-text-color\" style=\"color:#3c4858;font-size:18px\">Log\u00edstica<\/h5>\n\n\n\n<p class=\"has-text-align-center has-text-color\" style=\"color:#999999;font-size:14px\">Nuestra log\u00edstica va m\u00e1s all\u00e1 del transporte; es una cadena de valor dise\u00f1ada para el sector salud. Desde el almacenamiento seguro y controlado, hasta la distribuci\u00f3n final con nuestra flota, operamos con precisi\u00f3n, trazabilidad y agilidad.<\/p>\n\n\n\n<div style=\"height:25px\" aria-hidden=\"true\" class=\"wp-block-spacer\"><\/div>\n<\/div>\n\n\n\n<div class=\"wp-block-column is-layout-flow wp-block-column-is-layout-flow\"><div class=\"wp-block-image\">\n<figure class=\"aligncenter size-full has-custom-border\"><img loading=\"lazy\" decoding=\"async\" width=\"480\" height=\"270\" src=\"https:\/\/web.develop.begut.co\/wp-content\/uploads\/2026\/04\/Captura-desde-2026-04-04-20-26-49.png\" alt=\"\" class=\"wp-image-763\" style=\"border-top-left-radius:10px;border-top-right-radius:10px;border-bottom-left-radius:10px;border-bottom-right-radius:10px\" srcset=\"https:\/\/begut.co\/wp-content\/uploads\/2026\/04\/Captura-desde-2026-04-04-20-26-49.png 480w, https:\/\/begut.co\/wp-content\/uploads\/2026\/04\/Captura-desde-2026-04-04-20-26-49-300x169.png 300w\" sizes=\"auto, (max-width: 480px) 100vw, 480px\" \/><\/figure>\n<\/div>\n\n\n<h5 class=\"wp-block-heading has-text-align-center has-text-color\" style=\"color:#3c4858;font-size:18px\">Trabajo en Equipo<\/h5>\n\n\n\n<p class=\"has-text-align-center has-text-color\" style=\"color:#999999;font-size:14px\">Al integrar la experiencia t\u00e9cnica, comercial y operativa de nuestras diferentes \u00e1reas, creamos un ecosistema de trabajo multidisciplinario.<\/p>\n\n\n\n<div style=\"height:25px\" aria-hidden=\"true\" class=\"wp-block-spacer\"><\/div>\n<\/div>\n\n\n\n<div class=\"wp-block-column is-layout-flow wp-block-column-is-layout-flow\"><div class=\"wp-block-image\">\n<figure class=\"aligncenter size-full has-custom-border\"><img loading=\"lazy\" decoding=\"async\" width=\"480\" height=\"270\" src=\"https:\/\/web.develop.begut.co\/wp-content\/uploads\/2026\/04\/Captura-desde-2026-04-04-20-25-26.png\" alt=\"\" class=\"wp-image-762\" style=\"border-top-left-radius:10px;border-top-right-radius:10px;border-bottom-left-radius:10px;border-bottom-right-radius:10px\" srcset=\"https:\/\/begut.co\/wp-content\/uploads\/2026\/04\/Captura-desde-2026-04-04-20-25-26.png 480w, https:\/\/begut.co\/wp-content\/uploads\/2026\/04\/Captura-desde-2026-04-04-20-25-26-300x169.png 300w\" sizes=\"auto, (max-width: 480px) 100vw, 480px\" \/><\/figure>\n<\/div>\n\n\n<h5 class=\"wp-block-heading has-text-align-center has-text-color\" style=\"color:#3c4858;font-size:18px\">Entrega Oportuna<\/h5>\n\n\n\n<p class=\"has-text-align-center has-text-color\" style=\"color:#999999;font-size:14px\">Respaldados por nuestra amplia flota propia a nivel local y s\u00f3lidas alianzas estrat\u00e9gicas con las mejores transportadoras, aseguramos que su pedido llegue con total puntualidad a cualquier parte del pa\u00eds.<\/p>\n\n\n\n<div style=\"height:25px\" aria-hidden=\"true\" class=\"wp-block-spacer\"><\/div>\n<\/div>\n<\/div>\n\n\n\n<div style=\"height:40px\" aria-hidden=\"true\" class=\"wp-block-spacer\"><\/div>\n<\/div><\/div>\n\n\n\n<div class=\"wp-block-columns container is-layout-flex wp-container-core-columns-is-layout-28f84493 wp-block-columns-is-layout-flex\">\n<div class=\"wp-block-column col-md-5 is-layout-flow wp-block-column-is-layout-flow\">\n<div style=\"height:55px\" aria-hidden=\"true\" class=\"wp-block-spacer\"><\/div>\n\n\n\n<h2 class=\"wp-block-heading\">Comprometidos con nuestros clientes<\/h2>\n\n\n\n<p>Sabemos que de la calidad de nuestros dispositivos depende la salud de muchas personas. Por eso, todos los dispositivos m\u00e9dicos que distribuimos est\u00e1n respaldados por la certificaci\u00f3n INVIMA, asegurando eficacia, trazabilidad y seguridad en cada procedimiento.<\/p>\n<\/div>\n\n\n\n<div class=\"wp-block-column is-vertically-aligned-center col-md-6 col-md-offset1 is-layout-flow wp-block-column-is-layout-flow\">\n<div style=\"height:55px\" aria-hidden=\"true\" class=\"wp-block-spacer\"><\/div>\n\n\n<div class=\"wp-block-image\">\n<figure class=\"aligncenter size-full is-resized\"><img loading=\"lazy\" decoding=\"async\" width=\"588\" height=\"265\" src=\"https:\/\/web.develop.begut.co\/wp-content\/uploads\/2026\/04\/Captura-desde-2026-04-04-20-46-31.png\" alt=\"\" class=\"wp-image-770\" style=\"aspect-ratio:2.218898708361659;width:318px;height:auto\" srcset=\"https:\/\/begut.co\/wp-content\/uploads\/2026\/04\/Captura-desde-2026-04-04-20-46-31.png 588w, https:\/\/begut.co\/wp-content\/uploads\/2026\/04\/Captura-desde-2026-04-04-20-46-31-300x135.png 300w\" sizes=\"auto, (max-width: 588px) 100vw, 588px\" \/><\/figure>\n<\/div><\/div>\n<\/div>\n\n\n\n<p><\/p>\n","protected":false},"excerpt":{"rendered":"<p>Comprometidos con nuestros clientes Sabemos que de la calidad de nuestros dispositivos depende la salud de muchas personas. Por eso, todos los dispositivos m\u00e9dicos que distribuimos est\u00e1n respaldados por la certificaci\u00f3n INVIMA, asegurando eficacia, trazabilidad y seguridad en cada procedimiento.<\/p>\n","protected":false},"author":1,"featured_media":751,"parent":0,"menu_order":0,"comment_status":"closed","ping_status":"closed","template":"","meta":{"_themeisle_gutenberg_block_has_review":false,"footnotes":""},"class_list":["post-437","page","type-page","status-publish","has-post-thumbnail","hentry"],"jetpack_sharing_enabled":true,"_links":{"self":[{"href":"https:\/\/begut.co\/index.php\/wp-json\/wp\/v2\/pages\/437","targetHints":{"allow":["GET"]}}],"collection":[{"href":"https:\/\/begut.co\/index.php\/wp-json\/wp\/v2\/pages"}],"about":[{"href":"https:\/\/begut.co\/index.php\/wp-json\/wp\/v2\/types\/page"}],"author":[{"embeddable":true,"href":"https:\/\/begut.co\/index.php\/wp-json\/wp\/v2\/users\/1"}],"replies":[{"embeddable":true,"href":"https:\/\/begut.co\/index.php\/wp-json\/wp\/v2\/comments?post=437"}],"version-history":[{"count":12,"href":"https:\/\/begut.co\/index.php\/wp-json\/wp\/v2\/pages\/437\/revisions"}],"predecessor-version":[{"id":918,"href":"https:\/\/begut.co\/index.php\/wp-json\/wp\/v2\/pages\/437\/revisions\/918"}],"wp:featuredmedia":[{"embeddable":true,"href":"https:\/\/begut.co\/index.php\/wp-json\/wp\/v2\/media\/751"}],"wp:attachment":[{"href":"https:\/\/begut.co\/index.php\/wp-json\/wp\/v2\/media?parent=437"}],"curies":[{"name":"wp","href":"https:\/\/api.w.org\/{rel}","templated":true}]}}