{"id":565,"date":"2026-03-26T14:48:30","date_gmt":"2026-03-26T14:48:30","guid":{"rendered":"https:\/\/web.develop.begut.co\/?post_type=product&#038;p=565"},"modified":"2026-03-26T14:48:30","modified_gmt":"2026-03-26T14:48:30","slug":"cateter-intravenoso-begut","status":"publish","type":"product","link":"https:\/\/begut.co\/index.php\/producto\/cateter-intravenoso-begut\/","title":{"rendered":"Cat\u00e9ter Intravenoso Begut"},"content":{"rendered":"<p>Dispositivo medico con c\u00e1nula fabricada en Tefl\u00f3n (FEP), aguja de acero inoxidable tribiselada, con codificaci\u00f3n de color en la base de acuerdo a est\u00e1ndar, c\u00e1mara transparente que permite verificar permeabilidad de la vena, l\u00edneas Radio-opacas y cat\u00e9ter esterilizado con \u00f3xido de etileno, de \u00fanico uso.<\/p>\n","protected":false},"excerpt":{"rendered":"<p><strong>El soporte ideal para el monitoreo y bienestar diario<\/strong><\/p>\n","protected":false},"featured_media":566,"template":"","meta":{"_themeisle_gutenberg_block_has_review":false},"product_brand":[],"product_cat":[38],"product_tag":[],"class_list":{"0":"post-565","1":"product","2":"type-product","3":"status-publish","4":"has-post-thumbnail","6":"product_cat-complementarios","8":"first","9":"instock","10":"shipping-taxable","11":"product-type-simple"},"jetpack_sharing_enabled":true,"_links":{"self":[{"href":"https:\/\/begut.co\/index.php\/wp-json\/wp\/v2\/product\/565","targetHints":{"allow":["GET"]}}],"collection":[{"href":"https:\/\/begut.co\/index.php\/wp-json\/wp\/v2\/product"}],"about":[{"href":"https:\/\/begut.co\/index.php\/wp-json\/wp\/v2\/types\/product"}],"wp:featuredmedia":[{"embeddable":true,"href":"https:\/\/begut.co\/index.php\/wp-json\/wp\/v2\/media\/566"}],"wp:attachment":[{"href":"https:\/\/begut.co\/index.php\/wp-json\/wp\/v2\/media?parent=565"}],"wp:term":[{"taxonomy":"product_brand","embeddable":true,"href":"https:\/\/begut.co\/index.php\/wp-json\/wp\/v2\/product_brand?post=565"},{"taxonomy":"product_cat","embeddable":true,"href":"https:\/\/begut.co\/index.php\/wp-json\/wp\/v2\/product_cat?post=565"},{"taxonomy":"product_tag","embeddable":true,"href":"https:\/\/begut.co\/index.php\/wp-json\/wp\/v2\/product_tag?post=565"}],"curies":[{"name":"wp","href":"https:\/\/api.w.org\/{rel}","templated":true}]}}