{"id":572,"date":"2026-03-26T14:52:01","date_gmt":"2026-03-26T14:52:01","guid":{"rendered":"https:\/\/web.develop.begut.co\/?post_type=product&#038;p=572"},"modified":"2026-03-26T14:52:01","modified_gmt":"2026-03-26T14:52:01","slug":"set-de-infusion-macro-goteo","status":"publish","type":"product","link":"https:\/\/begut.co\/index.php\/producto\/set-de-infusion-macro-goteo\/","title":{"rendered":"Set de Infusi\u00f3n macro goteo"},"content":{"rendered":"<p>Equipo de infusi\u00f3n intravenosa de pl\u00e1stico grado m\u00e9dico, est\u00e9ril y desechable que es utilizado para conducir una soluci\u00f3n desde un contenedor hasta el paciente. Sus componentes act\u00faan como un conjunto \u00fanico: El dispositivo de perforaci\u00f3n especial provee una punci\u00f3n m\u00e1s segura y sin part\u00edculas en cualquier tipo de contenedor (botella o bolsa); la c\u00e1mara de goteo ubicada en la parte proximal con capacidad de dosificar 10 gotas en 1ml e impedir la entrada de cualquier burbuja al<br \/>\nsistema; la transparencia de la manguera permite que sea visualizado el paso de la soluci\u00f3n (l\u00edquidos, medicamentos, sangre o plasma) o el retorno venoso; con mecanismo regulador de flujo; dos puertos de administraci\u00f3n de infusi\u00f3n paralela y un adaptador universal Luer-Slip que se ensambla perfectamente con el sistema de venopunci\u00f3n.<\/p>\n","protected":false},"excerpt":{"rendered":"<p><strong>El soporte ideal para el monitoreo y bienestar diario<\/strong><\/p>\n","protected":false},"featured_media":573,"template":"","meta":{"_themeisle_gutenberg_block_has_review":false},"product_brand":[],"product_cat":[38],"product_tag":[],"class_list":{"0":"post-572","1":"product","2":"type-product","3":"status-publish","4":"has-post-thumbnail","6":"product_cat-complementarios","8":"first","9":"instock","10":"shipping-taxable","11":"product-type-simple"},"jetpack_sharing_enabled":true,"_links":{"self":[{"href":"https:\/\/begut.co\/index.php\/wp-json\/wp\/v2\/product\/572","targetHints":{"allow":["GET"]}}],"collection":[{"href":"https:\/\/begut.co\/index.php\/wp-json\/wp\/v2\/product"}],"about":[{"href":"https:\/\/begut.co\/index.php\/wp-json\/wp\/v2\/types\/product"}],"wp:featuredmedia":[{"embeddable":true,"href":"https:\/\/begut.co\/index.php\/wp-json\/wp\/v2\/media\/573"}],"wp:attachment":[{"href":"https:\/\/begut.co\/index.php\/wp-json\/wp\/v2\/media?parent=572"}],"wp:term":[{"taxonomy":"product_brand","embeddable":true,"href":"https:\/\/begut.co\/index.php\/wp-json\/wp\/v2\/product_brand?post=572"},{"taxonomy":"product_cat","embeddable":true,"href":"https:\/\/begut.co\/index.php\/wp-json\/wp\/v2\/product_cat?post=572"},{"taxonomy":"product_tag","embeddable":true,"href":"https:\/\/begut.co\/index.php\/wp-json\/wp\/v2\/product_tag?post=572"}],"curies":[{"name":"wp","href":"https:\/\/api.w.org\/{rel}","templated":true}]}}