{"id":574,"date":"2026-03-26T14:55:35","date_gmt":"2026-03-26T14:55:35","guid":{"rendered":"https:\/\/web.develop.begut.co\/?post_type=product&#038;p=574"},"modified":"2026-03-26T14:55:35","modified_gmt":"2026-03-26T14:55:35","slug":"agujas-hipodermicas-esteriles","status":"publish","type":"product","link":"https:\/\/begut.co\/index.php\/producto\/agujas-hipodermicas-esteriles\/","title":{"rendered":"Agujas Hipod\u00e9rmicas Esteriles"},"content":{"rendered":"<p>Aguja de acero inoxidable siliconada est\u00e9ril, libre de pir\u00f3genos, con codificaci\u00f3n de color en la base de acuerdo a est\u00e1ndar que permite una f\u00e1cil identificaci\u00f3n, con conexi\u00f3n cono Luer Lock lo que permite estabilidad, con aguja tribiselada que minimiza la lesi\u00f3n y dolor al paciente al permitir un desplazamiento atraum\u00e1tico.<\/p>\n<p>Las agujas hipod\u00e9rmicas desechables BEGUT constan de un conector, un tubo y una tapa. El protector de seguridad est\u00e1 conectado al conector y est\u00e1 dise\u00f1ado para prevenir pinchazos. El conector y la tapa est\u00e1n hechos de polipropileno, y el tubo de la aguja es de SUS304. Las agujas hipod\u00e9rmicas est\u00e1n disponibles en calibres 21 a 30 G. El producto est\u00e1 esterilizado con \u00f3xido de etileno, est\u00e9ril y a pir\u00f3geno.<\/p>\n","protected":false},"excerpt":{"rendered":"<p><strong>El soporte ideal para el monitoreo y bienestar diario<\/strong><\/p>\n","protected":false},"featured_media":575,"template":"","meta":{"_themeisle_gutenberg_block_has_review":false},"product_brand":[],"product_cat":[38],"product_tag":[],"class_list":{"0":"post-574","1":"product","2":"type-product","3":"status-publish","4":"has-post-thumbnail","6":"product_cat-complementarios","8":"first","9":"instock","10":"shipping-taxable","11":"product-type-simple"},"jetpack_sharing_enabled":true,"_links":{"self":[{"href":"https:\/\/begut.co\/index.php\/wp-json\/wp\/v2\/product\/574","targetHints":{"allow":["GET"]}}],"collection":[{"href":"https:\/\/begut.co\/index.php\/wp-json\/wp\/v2\/product"}],"about":[{"href":"https:\/\/begut.co\/index.php\/wp-json\/wp\/v2\/types\/product"}],"wp:featuredmedia":[{"embeddable":true,"href":"https:\/\/begut.co\/index.php\/wp-json\/wp\/v2\/media\/575"}],"wp:attachment":[{"href":"https:\/\/begut.co\/index.php\/wp-json\/wp\/v2\/media?parent=574"}],"wp:term":[{"taxonomy":"product_brand","embeddable":true,"href":"https:\/\/begut.co\/index.php\/wp-json\/wp\/v2\/product_brand?post=574"},{"taxonomy":"product_cat","embeddable":true,"href":"https:\/\/begut.co\/index.php\/wp-json\/wp\/v2\/product_cat?post=574"},{"taxonomy":"product_tag","embeddable":true,"href":"https:\/\/begut.co\/index.php\/wp-json\/wp\/v2\/product_tag?post=574"}],"curies":[{"name":"wp","href":"https:\/\/api.w.org\/{rel}","templated":true}]}}