{"id":603,"date":"2026-03-26T15:21:50","date_gmt":"2026-03-26T15:21:50","guid":{"rendered":"https:\/\/web.develop.begut.co\/?post_type=product&#038;p=603"},"modified":"2026-03-26T15:21:51","modified_gmt":"2026-03-26T15:21:51","slug":"kit-de-nebulizacion-adulto-y-nino","status":"publish","type":"product","link":"https:\/\/begut.co\/index.php\/producto\/kit-de-nebulizacion-adulto-y-nino\/","title":{"rendered":"Kit de Nebulizaci\u00f3n Adulto y Ni\u00f1o"},"content":{"rendered":"<p><span>El kit de nebulizaci\u00f3n (para adultos y ni\u00f1os) es un dispositivo est\u00e9ril dise\u00f1ado para la administraci\u00f3n c\u00f3moda de ox\u00edgeno, cubriendo las v\u00edas respiratorias nasales y orales<\/span><span>.\u00a0<\/span><span>Se destaca por ser un producto de alta calidad, fabricado con materiales no t\u00f3xicos y dise\u00f1ado anat\u00f3micamente para el confort del paciente<\/span><span>.<\/span><\/p>\n","protected":false},"excerpt":{"rendered":"<p><strong>El soporte ideal para el monitoreo y bienestar diario<\/strong><\/p>\n","protected":false},"featured_media":604,"template":"","meta":{"_themeisle_gutenberg_block_has_review":false},"product_brand":[],"product_cat":[38],"product_tag":[],"class_list":{"0":"post-603","1":"product","2":"type-product","3":"status-publish","4":"has-post-thumbnail","6":"product_cat-complementarios","8":"first","9":"instock","10":"shipping-taxable","11":"product-type-simple"},"jetpack_sharing_enabled":true,"_links":{"self":[{"href":"https:\/\/begut.co\/index.php\/wp-json\/wp\/v2\/product\/603","targetHints":{"allow":["GET"]}}],"collection":[{"href":"https:\/\/begut.co\/index.php\/wp-json\/wp\/v2\/product"}],"about":[{"href":"https:\/\/begut.co\/index.php\/wp-json\/wp\/v2\/types\/product"}],"wp:featuredmedia":[{"embeddable":true,"href":"https:\/\/begut.co\/index.php\/wp-json\/wp\/v2\/media\/604"}],"wp:attachment":[{"href":"https:\/\/begut.co\/index.php\/wp-json\/wp\/v2\/media?parent=603"}],"wp:term":[{"taxonomy":"product_brand","embeddable":true,"href":"https:\/\/begut.co\/index.php\/wp-json\/wp\/v2\/product_brand?post=603"},{"taxonomy":"product_cat","embeddable":true,"href":"https:\/\/begut.co\/index.php\/wp-json\/wp\/v2\/product_cat?post=603"},{"taxonomy":"product_tag","embeddable":true,"href":"https:\/\/begut.co\/index.php\/wp-json\/wp\/v2\/product_tag?post=603"}],"curies":[{"name":"wp","href":"https:\/\/api.w.org\/{rel}","templated":true}]}}