{"id":613,"date":"2026-03-26T15:37:33","date_gmt":"2026-03-26T15:37:33","guid":{"rendered":"https:\/\/web.develop.begut.co\/?post_type=product&#038;p=613"},"modified":"2026-03-26T15:37:33","modified_gmt":"2026-03-26T15:37:33","slug":"tensiometro-digital-con-voz-en-espanol","status":"publish","type":"product","link":"https:\/\/begut.co\/index.php\/producto\/tensiometro-digital-con-voz-en-espanol\/","title":{"rendered":"Tensi\u00f3metro Digital con Voz en Espa\u00f1ol"},"content":{"rendered":"<p>Es un Monitor electr\u00f3nico de presi\u00f3n arterial tipo brazo de la marca BEGUT, clasificado como dispositivo m\u00e9dico est\u00e1 dise\u00f1ado para realizar la medici\u00f3n no invasiva de la presi\u00f3n arterial sist\u00f3lica, diast\u00f3lica y la frecuencia card\u00edaca en individuos adultos, utilizando una t\u00e9cnica de brazalete ubicado en la parte superior del brazo.<\/p>\n","protected":false},"excerpt":{"rendered":"<p><strong>El soporte ideal para el monitoreo y bienestar diario<\/strong><\/p>\n","protected":false},"featured_media":614,"template":"","meta":{"_themeisle_gutenberg_block_has_review":false},"product_brand":[],"product_cat":[38],"product_tag":[],"class_list":{"0":"post-613","1":"product","2":"type-product","3":"status-publish","4":"has-post-thumbnail","6":"product_cat-complementarios","8":"first","9":"instock","10":"shipping-taxable","11":"product-type-simple"},"jetpack_sharing_enabled":true,"_links":{"self":[{"href":"https:\/\/begut.co\/index.php\/wp-json\/wp\/v2\/product\/613","targetHints":{"allow":["GET"]}}],"collection":[{"href":"https:\/\/begut.co\/index.php\/wp-json\/wp\/v2\/product"}],"about":[{"href":"https:\/\/begut.co\/index.php\/wp-json\/wp\/v2\/types\/product"}],"wp:featuredmedia":[{"embeddable":true,"href":"https:\/\/begut.co\/index.php\/wp-json\/wp\/v2\/media\/614"}],"wp:attachment":[{"href":"https:\/\/begut.co\/index.php\/wp-json\/wp\/v2\/media?parent=613"}],"wp:term":[{"taxonomy":"product_brand","embeddable":true,"href":"https:\/\/begut.co\/index.php\/wp-json\/wp\/v2\/product_brand?post=613"},{"taxonomy":"product_cat","embeddable":true,"href":"https:\/\/begut.co\/index.php\/wp-json\/wp\/v2\/product_cat?post=613"},{"taxonomy":"product_tag","embeddable":true,"href":"https:\/\/begut.co\/index.php\/wp-json\/wp\/v2\/product_tag?post=613"}],"curies":[{"name":"wp","href":"https:\/\/api.w.org\/{rel}","templated":true}]}}